1 + 219. Suppose 5*n - 4*h = p, n - 5*h - 4 = -1. What is the tens digit of n?
1
What is the units digit of (-53 + (-5 - -3))*-15 + 2?
7
Let v = 200 + 93. Suppose -4*r + v = -x, 0*r + 3*x + 295 = 4*r. What is the units digit of r?
3
What is the tens digit of (22/6 + -4)/((-3)/2133)?
3
Suppose s = 6*s - 280. Suppose -j = -32 - s. What is the units digit of j?
8
Let t(g) = 10*g**2 - g + 4. Let b(l) = -4*l**2 - l + 1. Let n be b(1). What is the tens digit of t(n)?
6
Suppose 58*l - 45*l = 38012. What is the tens digit of l?
2
Suppose -3*p + 1679 = -15592. What is the thousands digit of p?
5
Let a be 45 + (0 + 1)*(0 + 3). Let f = a + 72. What is the hundreds digit of f?
1
What is the hundreds digit of -12 - -17 - -1*743?
7
Let x(y) be the first derivative of y**4/4 + 19*y**3/3 - 13*y**2 - 9*y + 11. What is the hundreds digit of x(-20)?
1
Let t be 32/14 - 6/21. Suppose 102 = t*h + h. Suppose 46 + h = 2*g. What is the units digit of g?
0
Let o = 10 - 17. Let n(i) = 6*i - 6. Let z(l) = 9*l - 9. Let b(j) = o*n(j) + 5*z(j). What is the tens digit of b(6)?
1
Let u(c) = c**2 - 10*c - 10 + 5 + 16. Let f be 3*(-4)/(12/(-13)). What is the tens digit of u(f)?
5
Let x = -5 - 5. Let u = 28 + x. What is the units digit of ((-8)/10)/(u/(-45))?
2
Let i(v) = 194*v**3 - 4*v + 2. What is the thousands digit of i(2)?
1
Let h = -50 - -46. Let m = 25 - h. What is the tens digit of m?
2
Suppose c + 2*g - 3 = -2, g + 13 = 4*c. Suppose 0 = -c*z + 85 + 326. What is the hundreds digit of z?
1
Let k = -53 + 396. What is the hundreds digit of k?
3
Suppose -8*k + 195 + 157 = 0. What is the units digit of k?
4
Suppose f + 21*f - 6710 = 0. What is the hundreds digit of f?
3
Suppose 5*o - 2 = 2*a + 6, o + a - 3 = 0. Let v(l) = -5*l**2 + 3 + 3*l**2 + 2*l**o - 8*l**3 - 3*l**2. What is the units digit of v(-2)?
5
Let t(d) = d + 272*d**2 + 81*d**3 - 272*d**2 + 2. Let a be t(-1). Let s = -46 - a. What is the units digit of s?
4
Let m = -3 - -5. Suppose -142 = m*n - 4*n. Suppose -6*x + n = -43. What is the units digit of x?
9
Let y(l) = -7*l**2 - 27*l**3 + l**2 + 24*l**3 - 5*l**2 - 14. What is the hundreds digit of y(-6)?
2
Let d(b) = 3*b - 9. Let n be d(6). What is the tens digit of (-2)/n - 1967/(-63)?
3
Suppose -b = -2*f - 5*b + 18, -4*f + 9 = -b. Let v(u) = f + 6*u - 4 - 2*u - 3. What is the tens digit of v(7)?
2
Let h = -10 + 5. Let w be 6/h*110/(-33). Suppose 99 = w*u - 69. What is the units digit of u?
2
Let m = 3914 + -2681. What is the thousands digit of m?
1
What is the units digit of (-1 - -1076) + 5*(5 + -6)?
0
Suppose 550 = 13*y - 2*y. What is the units digit of y?
0
Suppose q + 3*f - 1 = 4*f, 0 = -q + 2*f - 1. Suppose q*u = -2*u + 70. What is the tens digit of u?
1
Suppose 3*c = w - c + 7740, 0 = -4*c. What is the tens digit of (-2)/(-8) + w/(-80)?
9
Let b(z) = 10*z - 12. Suppose -24 = -2*k + 6. Let f = k - 11. What is the units digit of b(f)?
8
Let d(p) = -31*p**2. Let h be d(1). Let b = 51 - h. What is the tens digit of b?
8
Let s = 90 - 85. Suppose y + y = 8. Suppose 0 = r + y - s. What is the units digit of r?
1
Let l be ((-6)/(-4))/(1/(-26)). What is the tens digit of -10 + 10 - (l + 0)?
3
Suppose -y = -k + 174, -4*y + 9 = -3. Suppose 0 = 3*f - o - 135 - k, 0 = -3*f - 2*o + 303. Let l = f - 73. What is the units digit of l?
0
Let s(w) = 6 - 21*w + 4 + 13*w. What is the units digit of s(-3)?
4
Let s be 22 + (2/3)/((-1)/3). Let n = s - 9. What is the units digit of n?
1
Let o(y) be the second derivative of -37*y**3/6 - 17*y**2 - 32*y. What is the hundreds digit of o(-5)?
1
What is the hundreds digit of -3*((-27680)/70 - 4/7)?
1
Let d(m) = -m**3 - 4*m**2 - 6*m - 7. Let j be d(-3). Suppose 4*n - j = 22. What is the units digit of n?
6
Let y(u) = 3*u - 1. Let l be y(1). Suppose -l*t = -3*q - 4, 5*t + 7*q = 2*q + 35. Suppose -h = 2*g - 132, -330 = -t*g - 0*g - 4*h. What is the tens digit of g?
6
Suppose 7*r - 140 = 2*r. Let d = -7 + r. Suppose 0 = -2*n - 5*m + d, -4*n + 4 = -5*m + 7. What is the units digit of n?
3
Let w(g) = 364*g**2 + 7*g + 6. What is the hundreds digit of w(-1)?
3
Suppose -4*x - 142 + 298 = 0. Let w = 156 + x. What is the tens digit of w?
9
Let d be (-2 + (1 - -12))/(3/(-45)). What is the tens digit of (-7)/28 - d/4?
4
Suppose -1006 - 14 = -12*x. What is the tens digit of ((-1768)/x)/(2/(-5))?
5
Suppose -3*d - 62 = 43. Let n = -29 - d. What is the tens digit of n/(-4) + 58/4?
1
Suppose 0 = n - 4*n + 12. Suppose d = 3*m + 9, -n = -3*m + 5*m. What is the units digit of (-5)/3*-1*d?
5
Let m be 21/((-1 - (-68)/80)*2). Let g = 120 + m. What is the tens digit of g?
5
Suppose 0 = -j + 4*o, -4*j + j + 22 = -o. Let f = j + -5. Suppose -z - 2 + 199 = 4*k, -k + f*z = -59. What is the units digit of k?
0
Let m be (-1 + (-681)/(-4))/((-4)/(-16)). Suppose -4*b + m = 5*k, 0*b = -b + 3. What is the units digit of k?
3
Let k be (10 - 4) + 1*-2. Suppose 3 = -k*h - f, 0 = 4*h + 2*f - 5*f + 7. Let r = 3 - h. What is the units digit of r?
4
Let t(s) be the first derivative of s**3/3 - 2*s**2 + 6*s + 1. Let w(d) = d**2 - 14*d + 18. Let z be w(13). What is the units digit of t(z)?
1
Let y(g) = -3*g - 4. Let b be y(-3). Suppose 24 = 3*f + 3*w - 96, 0 = b*f - 3*w - 192. Suppose f*x - 34*x = 360. What is the tens digit of x?
7
Suppose -28*s = -30*s + 2160. Suppose z + a = 4*z - 640, -5*z - a + s = 0. Suppose 0 = 3*k - 4*d - z, -216 = -2*k - k + 3*d. What is the tens digit of k?
7
Let k = -3 - -3. Let s(x) = -2*x + 47. What is the tens digit of s(k)?
4
Suppose -86800 = -50*l - 0*l. What is the units digit of l?
6
Suppose -1348 = -13*r + 4411. Suppose -71 = 3*m - r. What is the hundreds digit of m?
1
Let n = 32 - 30. Suppose -f = -n*f - 4, -t + 56 = -4*f. What is the units digit of t?
0
What is the hundreds digit of ((-2283)/4)/(0 - 3/8)?
5
Let m(a) = 2*a**2 - 2*a - 2. Let c be m(-2). Let x be (c/(-2) + -2)*4. Let l = -4 - x. What is the units digit of l?
4
Suppose -c + 2*a = -0*c + 75, -3*c - 216 = 3*a. Let m = c - -146. Let p = -43 + m. What is the tens digit of p?
3
Let i be (-138)/6*11/(-1) - -1. Suppose 3*z = -80 + i. What is the units digit of z?
8
Suppose -3*n + 1358 = -0*n - 2*o, 2*n = 2*o + 904. What is the tens digit of n?
5
Suppose -h + 2*h = 4*v + 245, 3*v + 780 = 3*h. What is the tens digit of h?
6
Let t be (-16 - -22)*(-4)/(16/(-30)). Suppose -2*v = -197 - t. What is the hundreds digit of v?
1
Suppose 4*t - 102 = -2. Let f be 222/10 + (-5)/t. Suppose -5 = a - f. What is the units digit of a?
7
Let d = 1 + 0. Suppose -5*i - 45 = -2*q - d, -3*q + 38 = -4*i. What is the units digit of 1/(i/3 - -3)?
3
Suppose 16*b - 9250 = 6*b. What is the tens digit of b?
2
Let v = 1045 + 347. What is the hundreds digit of v?
3
Let g = 4 + -4. Let n = 43 - 33. Suppose 5*k - n - 30 = g. What is the units digit of k?
8
Suppose j + 4*j - 1778 = -4*x, -3*j - 1762 = -4*x. What is the units digit of x?
2
Let n(t) = 2*t**2 - 126*t - 292. What is the units digit of n(72)?
4
Let m(g) = 8*g - 3*g + 5 - 4*g + g + 8*g**2. What is the tens digit of m(-3)?
7
Suppose -3*z - 8 = -0*i + i, -24 = -z + 5*i. Let l(t) be the second derivative of 31*t**4/12 - t**3/6 - t**2/2 + 2*t - 8. What is the tens digit of l(z)?
3
Suppose -2*i + 1888 = 604. What is the tens digit of i?
4
Let i = 325 + 1190. What is the thousands digit of i?
1
Suppose -228 = -4*t + 108. Suppose -144 = -5*x - 3*b, -3*x + t = -b + 4*b. Let p = x + -20. What is the tens digit of p?
1
Let j = 10 - 10. Suppose -5*y + 420 = -j*y. Suppose 3*c + 5*t - 45 - 16 = 0, -4*t + y = 4*c. What is the tens digit of c?
2
Suppose -3*o - 13 = -g, -3*g = -3*o + o - 18. Suppose -z + 4*z + 67 = 5*c, 0 = 3*c + g*z - 17. What is the units digit of c?
1
What is the tens digit of (-378)/(-12)*(3 - (-23)/3)?
3
Let b be ((-4)/2)/(6 + -4). Let s = b - -25. Suppose 2*a = 4*p - s - 18, -3*p + 28 = 2*a. What is the units digit of p?
0
Let v(w) = 129*w**2 + 24*w - 12. What is the tens digit of v(-3)?
7
Suppose -18 = -2*m - 4. Suppose 4*x + 78 = m*x. Let b = x - 18. What is the units digit of b?
8
Let q(n) be the third derivative of n**4/24 + 35*n**3/6 + 7*n**2. What is the units digit of q(-10)?
5
Suppose 0 = -b - 2*q - 2*q + 15, -5*q + 12 = b. Let s = b + -25. What is the units digit of s?
2
Let k(x) = 6. Let b(r) = r + 1. Let t(i) = -12*b(i) + k(i). What is the hund